emainder when 23 is divided by j.
11
Suppose 342 = 5*g - 4*x, -g - 2*x + 80 = 3*x. Suppose -2*a = 3*a - g. What is the remainder when 25 is divided by a?
11
Let s = 0 - -17. Suppose 5*h = -2*d + 388, -2*d - 311 = -4*h - 3*d. Suppose h = 5*o - 87. What is the remainder when o is divided by s?
16
Suppose i + 4 - 1 = 0. Let l = i + 6. Suppose -9*n = -10*n + 5. Calculate the remainder when n is divided by l.
2
Let b(o) = 3*o**2 + 8. Let p be b(6). Suppose 4*c - 3*c + 121 = 5*d, 5*d + 4*c - p = 0. Suppose 3*j + d = 7*j. What is the remainder when 16 is divided by j?
4
Suppose 6*b - b = 90. What is the remainder when 70 is divided by b?
16
Suppose 3*n - 12 = -3*g, n = -5*g - 2*n + 22. Suppose 3*x - 4 = g*i, 5*x - 2*i - i - 12 = 0. Calculate the remainder when 10 is divided by x.
1
Suppose -5 = v - 13. Let m = 10 - 5. Calculate the remainder when v is divided by m.
3
Let v(d) = d + 1. Let m(x) = -3*x - 3. Let s(l) = -2*m(l) - 5*v(l). Let g be s(-1). Let k(n) = -n**2 - n + 12. What is the remainder when 23 is divided by k(g)?
11
Let j be (-1)/(15/12 + -1). What is the remainder when (-1)/j + 255/20 is divided by 5?
3
Let r(w) = -w**3 + 2*w**2 + 18*w - 1. Calculate the remainder when r(-4) is divided by 10.
3
Let z(m) = m**2 + 5*m + 1. Let k be z(-4). Calculate the remainder when (-17)/((3/2)/k) is divided by 18.
16
Let d(w) = -6*w + 2. Let t be d(-2). Let p be (-98)/(-21)*360/t. What is the remainder when (-4)/(-6) + p/9 is divided by 8?
6
Let g(u) = 2*u + 13. Calculate the remainder when 10 is divided by g(-5).
1
Let i(m) be the third derivative of m**5/60 + 13*m**4/24 + m**3/3 - 2*m**2. Calculate the remainder when i(-13) is divided by 2.
0
Suppose 2 = -q - 4*t, -5*q + 5*t = -8 - 7. Let k = q + 0. Suppose k*u + 6 = 14. What is the remainder when 7 is divided by u?
3
Suppose 5*l + y - 42 = l, -2*l - 5*y = -30. Suppose -1 = -a - 5*t, -4*a + 2*t = -16 - l. What is the remainder when 17 is divided by a?
5
Suppose 3*a - 18 = -q + a, -4*a + 114 = 5*q. Let t = 141 - 93. Let f = t - 34. Calculate the remainder when q is divided by f.
12
Let d(l) = -l**3 + 4*l**2 + 7*l - 5. Let a be (-54)/(-12) - 2/(-4). Calculate the remainder when 19 is divided by d(a).
4
Suppose 5*i - 45 = -2*g - 2*g, -4*g + 20 = 0. Let h be (-99)/(-6)*-2 + -3. Let a = -22 - h. What is the remainder when a is divided by i?
4
Let z(f) be the first derivative of f**4/4 + 7*f**3/3 - 3*f**2 + 3*f - 4. Calculate the remainder when z(-7) is divided by 12.
9
Let u(i) = i - 6. Let p be u(10). Suppose 4*g = -3*h + 28, -3*h + p*g = g. Let r = 13 - h. Calculate the remainder when 25 is divided by r.
7
Suppose 0*d + 275 = -5*d. Let k = d - -95. What is the remainder when k is divided by 11?
7
Let y = 59 - -4. What is the remainder when y is divided by 4?
3
Suppose -q = 5*b - 162, q - 4*b - 95 - 76 = 0. What is the remainder when q is divided by 42?
41
Let q(x) = -2*x**2 - 2*x - 3. Let w be q(-4). Let p = w - -50. Calculate the remainder when p is divided by 6.
5
Let s(g) = 2*g**2 + 2 - 2*g**2 + 2*g**2 - 3*g + 0*g. What is the remainder when s(-3) is divided by 10?
9
Let z(a) = -a**2 + 5*a + 6. Suppose 5*r = b + 10, 3 + 1 = 2*b - 2*r. What is the remainder when 22 is divided by z(b)?
4
Let g = -89 + 103. Suppose -39 = -0*c - c. Calculate the remainder when c is divided by g.
11
Let n = -3 + -16. Let d = -2 - n. What is the remainder when 32 is divided by d?
15
Let v be (-2 + -2)*2/(-1). Let j = 12 - v. Suppose 4*d + 5*p = j*p + 104, 0 = -d - p + 29. Calculate the remainder when 49 is divided by d.
24
Let t(m) = -8*m**2 - 2*m + 9. Let q(x) = -7*x**2 - x + 8. Let l(z) = -5*q(z) + 4*t(z). Calculate the remainder when l(-3) is divided by 17.
15
Let b(n) = n**2 - 6*n - 4. Suppose -5*v + 0*v = -65. What is the remainder when b(-5) is divided by v?
12
Let j = 4 + -3. Let f be (1 + 0)/(0 + j). Suppose 2*m - 23 + f = 0. What is the remainder when m is divided by 6?
5
What is the remainder when 27/2*(-2 - (-120)/18) is divided by 13?
11
Let l = 151 - 56. What is the remainder when l is divided by 24?
23
Suppose 5*r + 97 = 122. Calculate the remainder when 11 is divided by r.
1
Let o = -8 - -19. Calculate the remainder when 41 is divided by o.
8
Let m be -2 + 4 + 12/2. Suppose 5*u + 0*x - 38 = -2*x, -5*x = 5*u - 50. Let g = m - u. What is the remainder when g is divided by 2?
0
Let v be 1 - 6/(-4)*-2. Let n be (-98)/v*3/3. What is the remainder when 0 + -3 + 3 + n is divided by 17?
15
Let a = -75 + 280. What is the remainder when a is divided by 13?
10
Let b = -5 + -15. Let o = b - -36. Suppose 0 = -2*k + k + 2*r + o, -4 = r. What is the remainder when 14 is divided by k?
6
Let n = 10 - -14. Let s(g) = -g**2 + 8*g - 5. Let u be s(8). Let v(a) = a**2 + 2*a - 2. Calculate the remainder when n is divided by v(u).
11
Let u(v) = 13 + 1 + 8 - v. Calculate the remainder when 38/(0 + 2 - 1) is divided by u(9).
12
Let w = 1 - -4. Suppose -4*n + 0*n + 3*o + 41 = 0, 5 = o. Calculate the remainder when n is divided by w.
4
Let y = 22 + -17. Let b(m) = 3*m - 2. Let c be b(2). Let q = c + 10. Calculate the remainder when q is divided by y.
4
Let v = 6 + 1. Let n be (2 - (1 + 2)) + v. Suppose 0*c - n = -3*c. What is the remainder when 5 is divided by c?
1
Let z be ((-21)/(-14))/(1/(-2)). What is the remainder when 0/z - 1*-17 is divided by 5?
2
Suppose 0 = 3*d - k - 34, 3*k + k = 4*d - 48. What is the remainder when d is divided by 14/4 - 4/8?
2
Let w = -2 - -4. Suppose -w*s = 5*r - 61, 0 = 3*s - 0*r - r - 66. Calculate the remainder when (-218)/(-5) + 4/10 is divided by s.
21
Suppose 218 = 5*k + 3*s, 5*s + 60 = -5*k + 270. Suppose i - k = -i. Calculate the remainder when 45 is divided by i.
22
Let k = 7 - -1. Suppose -d - s + 1 = 0, -4*d + 4*s = -36 + 8. Suppose d*u - 32 = 60. What is the remainder when u is divided by k?
7
Suppose y = 5*y - 188. Suppose 4*z - 20 - 44 = 0. Calculate the remainder when y is divided by z.
15
Calculate the remainder when 1/(-3)*(1 - 6)*21 is divided by 19.
16
What is the remainder when 55 is divided by 7/(70/(-15))*-10?
10
Suppose 8*q = 5*q + 27. Let a = q + -4. Suppose 0 = -2*n + a + 5. What is the remainder when 18 is divided by n?
3
Suppose -3*m + 91 = -u, u - 126 = -4*m - 0*u. What is the remainder when m is divided by 11?
9
Calculate the remainder when 235 is divided by (-16)/28 - (-848)/14.
55
Calculate the remainder when 2*1*742/28 is divided by 19.
15
Calculate the remainder when (0 + 74/(-7))/(84/(-588)) is divided by 27.
20
Let n(v) be the second derivative of v**4/12 - 3*v**3/2 + 13*v**2/2 - v. Calculate the remainder when n(9) is divided by (-2)/(-7) - 99/(-21).
3
Suppose -4*p - 7 = -11, -1172 = -5*h - 2*p. What is the remainder when h is divided by 47?
46
Let t(c) = -c**2 + 10*c - 14. Let r = -62 + 89. What is the remainder when r is divided by t(6)?
7
Let u(f) = 10*f**2 - 4*f + 2. Let j be u(2). Suppose 5*y = -2*w - 50, 0 = -5*w - y + 4*y - 94. Let m = w + j. What is the remainder when 55 is divided by m?
13
Let q(m) = 48*m + 1. Let h be q(1). Suppose -4*x + 91 = -h. What is the remainder when x is divided by 9?
8
Let l be (-1)/1 + -1 - -8. Let z = 9 - l. Suppose o - 21 = -3*s + 6*s, -45 = -z*o + 3*s. What is the remainder when 35 is divided by o?
11
Let y(g) = 4 + 2*g - 4*g + 3*g + 0. Let k be y(5). Suppose -5*w - 28 = -k*w. Calculate the remainder when 19 is divided by w.
5
Calculate the remainder when 4/26 - 3564/(-156) is divided by 6.
5
Suppose 16 = -a + 5*c, -4*a + c + 0 - 7 = 0. Suppose -1 = 3*i - 4. What is the remainder when 4 is divided by (2 - (i + a))*1?
0
Let i(g) = 2*g**2 - 3*g - 5. Let v be i(-4). Let x = v + 38. Calculate the remainder when x is divided by 20.
17
Suppose 6 = 5*i - 4. Calculate the remainder when 19 is divided by (-15)/i*(-8)/6.
9
Let c = 11 - 3. Suppose 0 = 4*l - 5*d - 101 - 112, -4*d - 208 = -4*l. Suppose l = 3*m + c. What is the remainder when 50 is divided by m?
11
Suppose 5*z = -5 - 10. Let w = 28 + z. What is the remainder when w is divided by 9?
7
Calculate the remainder when 22 is divided by -1 + -1 + (-56)/(-7).
4
Let t(c) = c**3 + 5*c**2 + 3*c. Calculate the remainder when 3/(-12) + 93/4 is divided by t(-3).
5
Let d = 20 + -32. Let f be (-4)/d + (-25)/3. Let l(x) = -2*x + 6. What is the remainder when l(f) is divided by 12?
10
Let q(a)